False
Does 2651 divide 144235608?
True
Is 13 a factor of 34063380?
True
Is 90168255 a multiple of 3501?
True
Is 9 a factor of 36632718?
True
Does 13 divide 3378830507?
True
Is 199617768 a multiple of 274?
True
Is 433 a factor of 2025830534?
False
Is 594334949 a multiple of 2813?
False
Is 356593603 a multiple of 543?
False
Is 438403974 a multiple of 1381?
True
Does 5266 divide 671172764?
True
Is 927987037 a multiple of 208?
False
Does 1561 divide 294989975?
True
Does 70 divide 9420605?
False
Is 9718795 a multiple of 323?
False
Is 132 a factor of 13077745?
False
Does 3524 divide 8344832?
True
Is 12 a factor of 20142072?
True
Is 54 a factor of 811479698?
False
Is 20598678 a multiple of 9?
True
Is 147 a factor of 200308227?
True
Does 3 divide 568519613?
False
Is 59 a factor of 41304660?
False
Is 1248 a factor of 52255471?
False
Is 197129889 a multiple of 27?
True
Does 53 divide 1640696726?
True
Does 1165 divide 27615243?
False
Does 11 divide 20293042?
True
Does 13013 divide 809413394?
False
Is 618 a factor of 2722568100?
True
Does 25 divide 73874675?
True
Is 110589157 a multiple of 924?
False
Is 739 a factor of 292989219?
False
Does 75 divide 2715157350?
True
Is 482266022 a multiple of 8047?
False
Does 33 divide 2221032?
True
Does 138 divide 797841744?
False
Is 98722667 a multiple of 2669?
False
Is 14 a factor of 3190810?
True
Does 48 divide 412918224?
True
Does 546 divide 15991794?
True
Does 6107 divide 1923192012?
True
Is 209 a factor of 3810279?
True
Does 12793 divide 15569081?
True
Is 73 a factor of 392651962?
True
Does 1145 divide 111410855?
False
Does 22 divide 142935229?
False
Does 5 divide 13477950?
True
Does 244 divide 586227568?
True
Is 109 a factor of 874685442?
False
Does 39 divide 53460888?
True
Is 149767815 a multiple of 16?
False
Is 113813369 a multiple of 71?
False
Does 2785 divide 1175612555?
True
Does 6665 divide 1404568457?
False
Does 420 divide 4803178?
False
Is 3427525 a multiple of 1775?
True
Is 314705978 a multiple of 12?
False
Is 31849263 a multiple of 7?
False
Does 450 divide 19958666?
False
Does 60 divide 934698960?
True
Is 20989760 a multiple of 979?
True
Does 2121 divide 133737603?
False
Does 2278 divide 8439990?
True
Is 642701021 a multiple of 40?
False
Is 115416448 a multiple of 1286?
False
Is 101 a factor of 42354249?
True
Does 48 divide 27831120?
True
Does 47 divide 249271912?
False
Does 3408 divide 2523164702?
False
Does 11 divide 5411279656?
False
Does 164 divide 223423596?
True
Does 1764 divide 142859514?
False
Does 4 divide 8376702?
False
Is 110 a factor of 29858950?
True
Is 17 a factor of 29996500?
True
Is 3401 a factor of 2718727524?
False
Is 844597604 a multiple of 527?
True
Is 51 a factor of 107554378?
False
Is 962431440 a multiple of 210?
False
Is 585869232 a multiple of 156?
True
Is 24266887 a multiple of 2163?
False
Does 194 divide 1726585?
False
Is 4002 a factor of 5664906015?
False
Does 2688 divide 662804352?
True
Is 2469 a factor of 85555788?
True
Is 4 a factor of 6400272?
True
Does 202 divide 100025053?
False
Is 7661 a factor of 1265780080?
False
Does 1645 divide 191965348?
False
Is 55500926 a multiple of 79?
False
Does 604 divide 185273980?
True
Is 219 a factor of 123751935?
False
Is 63 a factor of 710659530?
True
Does 340 divide 28606630?
False
Does 387 divide 26756193?
False
Does 96 divide 37855584?
True
Does 1391 divide 3410732?
True
Is 5 a factor of 3733965?
True
Is 1511716345 a multiple of 18?
False
Is 28 a factor of 21381360?
True
Is 23 a factor of 193171342?
True
Is 5528952 a multiple of 8?
True
Is 5149432 a multiple of 26?
False
Does 3969 divide 754145721?
True
Is 15 a factor of 224422314?
False
Is 27376506 a multiple of 1761?
True
Is 164 a factor of 10660637?
False
Does 10 divide 378397850?
True
Is 2438258457 a multiple of 991?
False
Is 15 a factor of 205821072?
False
Is 367 a factor of 388010016?
True
Is 264 a factor of 2148859944?
True
Does 997 divide 52392350?
True
Is 83218404 a multiple of 76?
True
Is 300353053 a multiple of 175?
False
Is 64461623 a multiple of 462?
False
Is 10361 a factor of 896112529?
True
Is 23 a factor of 108625849?
True
Does 54 divide 557080685?
False
Is 193350838 a multiple of 33?
False
Does 510 divide 1866053?
False
Is 9672335 a multiple of 8?
False
Is 12 a factor of 750663468?
True
Is 5385765 a multiple of 35?
True
Is 449 a factor of 89483455?
True
Is 519245088 a multiple of 24?
True
Is 330 a factor of 792480932?
False
Is 510361125 a multiple of 636?
False
Does 86 divide 486171195?
False
Does 13 divide 5686157997?
True
Is 270759014 a multiple of 2660?
False
Is 263190371 a multiple of 86?
False
Does 513 divide 39233214?
True
Does 163 divide 886779720?
False
Does 947 divide 58361716?
True
Does 628 divide 69628873?
False
Is 204 a factor of 470372592?
True
Is 387 a factor of 78579716?
False
Is 83 a factor of 66764619?
True
Does 459 divide 304676397?
True
Is 57018192 a multiple of 154?
True
Is 141 a factor of 105617742?
True
Does 8347 divide 1037565488?
True
Is 15 a factor of 19226097?
False
Is 36163324 a multiple of 13?
False
Does 2077 divide 68275144?
True
Is 1659107110 a multiple of 300?
False
Is 52597663 a multiple of 138?
False
Is 15404690 a multiple of 127?
False
Is 739213728 a multiple of 33?
True
Is 10012 a factor of 2890624592?
True
Does 25 divide 13261568?
False
Does 19 divide 5368146?
True
Is 201 a factor of 970428?
True
Is 2185 a factor of 20796830?
True
Is 13 a factor of 47514244?
False
Does 216 divide 63652176?
True
Is 60 a factor of 26763160?
False
Is 21 a factor of 6390246?
False
Is 506408747 a multiple of 18?
False
Is 2550005 a multiple of 3?
False
Is 259 a factor of 789674269?
False
Is 80760420 a multiple of 585?
True
Does 40 divide 1900552?
False
Is 906 a factor of 330824994?
True
Does 302 divide 236253025?
False
Is 305882064 a multiple of 4108?
False
Does 56 divide 33350912?
True
Is 502 a factor of 38684120?
True
Is 727845677 a multiple of 2211?
False
Does 351 divide 835334370?
True
Is 11588844 a multiple of 402?
False
Is 756764 a multiple of 24?
False
Is 1496274234 a multiple of 586?
True
Is 35 a factor of 32565330?
True
Is 6 a factor of 11462064?
True
Is 24 a factor of 73901049?
False
Is 118 a factor of 71979879?
False
Is 27 a factor of 3257982?
True
Is 357 a factor of 312375?
True
Is 318 a factor of 27596040?
True
Does 1617 divide 39705435?
True
Is 166 a factor of 1307900886?
True
Is 3 a factor of 5121236?
False
Does 10 divide 122338883?
False
Is 858 a factor of 36902832?
False
Is 16 a factor of 2527386295?
False
Is 329 a factor of 14743657?
False
Is 468 a factor of 52975440?
False
Is 210874644 a multiple of 1476?
True
Is 3084786107 a multiple of 883?
True
Is 217596717 a multiple of 231?
False
Is 18 a factor of 151800438?
False
Does 26 divide 102895104?
True
Does 1329 divide 14653981?
False
Is 307 a factor of 44164406?
True
Is 36146992 a multiple of 217?
True
Does 215 divide 340155155?
True
Is 52 a factor of 4281004?
True
Is 14 a factor of 23227811?
False
Is 2931 a factor of 640742091?
False
Does 73 divide 166769449?
True
Does 215 divide 7293230?
True
Does 305 divide 47905655?
False
Does 69 divide 52108662?
True
Is 23498376 a multiple of 22?
True
Is 409881271 a multiple of 16?
False
Does 274 divide 65114711?
False
Does 1173 divide 130592660?
False
Is 15 a factor of 578526255?
True
Is 1672698 a multiple of 46?
True
Is 1412841100 a multiple of 11?
True
Is 12 a factor of 3654453869?
False
Does 4 divide 406578644?
True
Is 272 a factor of 547772096?
True
Does 494 divide 71442280?
True
Is 2 a factor of 40470182?
True
Is 26174894 a multiple of 19?
True
Is 182309096 a multiple of 469?
False
Does 372 divide 249183042?
False
Is 4339 a factor of 19134990?
True
Does 3 divide 131961270?
True
Does 66 divide 40692470?
False
Does 21 divide 381684370?
False
Does 141 divide 108089190?
True
Does 166 divide 1703681856?
False
Is 569 a factor of 216037149?
False
Is 45 a factor of 24668536?
False
Is 22 a factor of 156704240?
True
Is 7491000 a multiple of 12?
True
Does 487 divide 422135009?
True
Is 132013750 a multiple of 11?
True
Does 387 divide 15162273?
True
Is 27 a factor of 61099731?
True
Is 25 a factor of 590689575?
True
Is 9 a factor of 34784463?
False
Is 91 a factor of 1439964?
False
Does 11 divide 255464?
True
Is 9 a factor of 7356591?
True
Does 16 divide